).
-13
Let c(d) = -d**2 - 206*d + 1295. Give c(7).
-196
Let t(z) = z**3 + 1797*z**2 - 130708*z - 33597. Give t(-1867).
9
Let q(h) = h**3 - 36*h**2 + 6463*h + 76773. Give q(-11).
-7
Let x(a) = -28*a**2 - 3521*a + 26931. Give x(-133).
-68
Let z(p) = 2*p**2 + 37956*p - 912104. Calculate z(24).
-8
Let x(v) = -3*v**2 - 20*v + 79. What is x(-9)?
16
Let h(b) = -255890*b - 255891. Give h(-1).
-1
Let r(z) = -2*z**2 - 106*z - 1220. Calculate r(-37).
-36
Let a(z) = -z**2 - 35*z + 1275. Calculate a(0).
1275
Let o(l) = 6*l**3 + 33*l**2 - 29*l - 172. Give o(-6).
-106
Let n(z) = z**3 + 2*z**2 + 77*z + 62. Determine n(0).
62
Let c(w) = -344*w - 103880. Calculate c(-302).
8
Let p(c) = 6*c**2 + 1036*c + 4906. Determine p(-167).
-772
Let h(s) = -116631*s - 116623. Determine h(-1).
8
Let d(c) = -c**2 - 234*c - 17032. Calculate d(-96).
-3784
Let t(f) = 2249*f - 56291. Determine t(25).
-66
Let o(h) = 360*h + 17773. Determine o(-50).
-227
Let k(a) = 5389*a - 5314. Calculate k(1).
75
Let w(h) = -63*h**2 - 19778*h + 1168. Determine w(-314).
-88
Let h(t) = -t**3 - 42*t**2 - 40*t + 565. Give h(-41).
524
Let b(c) = 4*c**2 - 759*c - 4954. Give b(196).
-54
Let c(k) = -256*k - 33308. Give c(-129).
-284
Let l(o) = 738*o**3 + 12550*o**2 + 34*o - 579. Determine l(-17).
-1
Let m(p) = 13627*p + 421949. Give m(-31).
-488
Let q(s) = 82*s**2 - 109*s + 100. Give q(5).
1605
Let b(s) = -450457*s - 4504574. Give b(-10).
-4
Let i(c) = -935*c + 92668. What is i(99)?
103
Let u(o) = -o**2 + 235*o - 5530. Give u(188).
3306
Let p(f) = 2*f**2 - 994*f - 39202. Determine p(-37).
314
Let t(z) = -13*z**3 - 143*z**2 - 422*z - 232. Give t(-4).
0
Let q(d) = -d**3 - 29*d**2 - 82*d + 1297. What is q(5)?
37
Let l(q) = 6199*q**2 - 37194*q + 9. Calculate l(6).
9
Let m(j) = 182*j + 4894. Determine m(-25).
344
Let s(w) = w**3 - 2*w**2 - 209*w + 2864. Give s(12).
1796
Let l(n) = -4*n**3 - 8*n**2 + 78*n + 111. Determine l(-6).
219
Let k(f) = -f**3 - 2425*f**2 - 9593*f + 367. Give k(-4).
3
Let o(g) = -g**3 + 20*g**2 - 26*g + 42. Determine o(19).
-91
Let b(r) = -8*r**2 + 1805*r + 18124. What is b(235)?
499
Let x(n) = -53*n**3 - 87*n**2 + 10*n - 51. What is x(-2)?
5
Let c(q) = q**3 - 30*q**2 - 123*q + 1992. Calculate c(32).
104
Let m(r) = -5359*r + 155277. What is m(29)?
-134
Let o(d) = -10*d**2 - 89*d + 21. Calculate o(-10).
-89
Let x(j) = 3*j**2 - 2800*j - 1053713. Determine x(1221).
10
Let w(v) = -254*v**2 + 59438*v - 293. Calculate w(234).
175
Let l(k) = 4*k**2 + 361*k + 3401. Give l(-81).
404
Let n(x) = -x**3 + 38*x**2 + 292*x - 12233. Determine n(37).
-60
Let f(y) = -770*y**2 - 7592*y + 1091. Give f(-10).
11
Let v(z) = 4210*z - 1225118. Give v(291).
-8
Let w(j) = j**3 + 16*j**2 + 2*j + 3. Calculate w(6).
807
Let h(b) = 2450*b + 27447. Give h(-10).
2947
Let s(t) = 9*t**2 - 515*t - 5360. Determine s(-9).
4
Let a(y) = -28*y**2 + 322*y - 1913. Calculate a(6).
-989
Let s(x) = x**3 - 307*x**2 - 3*x - 1014. Calculate s(307).
-1935
Let s(j) = 2025*j + 10083. Give s(-5).
-42
Let w(n) = -388*n + 18123. Determine w(51).
-1665
Let h(r) = -32*r**3 - 115*r**2 - 3*r - 29. Determine h(-3).
-191
Let z(m) = -m**2 + 3578*m - 1750929. Calculate z(585).
-24
Let r(o) = 590*o**2 + 2*o - 9. Give r(0).
-9
Let o(b) = 48*b**2 + 672*b + 43. Calculate o(-14).
43
Let k(b) = -8*b**2 + 150*b - 2033. Determine k(31).
-5071
Let p(m) = 19*m**3 - 162*m**2 + 121*m - 346. Calculate p(8).
-18
Let d(i) = 4*i**2 + 490*i - 710. Give d(-123).
-464
Let a(i) = i**3 - 16*i**2 + 213*i - 1984. Determine a(12).
-4
Let y(g) = g**2 - 1189*g - 76627. Give y(-61).
-377
Let d(s) = 111*s - 5330. Give d(48).
-2
Let g(w) = 8*w**2 - 3185*w - 559179. Give g(530).
-29
Let d(f) = 41*f**2 + 366*f - 486. Calculate d(-10).
-46
Let p(i) = 219*i - 14200. Calculate p(48).
-3688
Let f(n) = 270795*n + 1353961. Determine f(-5).
-14
Let j(u) = 147*u - 171. Calculate j(4).
417
Let q(a) = 14967*a - 2649161. Determine q(177).
-2
Let z(i) = i**3 - 454*i**2 - 4757*i - 1198. Determine z(-10).
-28
Let q(s) = 329*s + 60515. Calculate q(-184).
-21
Let k(n) = -n**3 + 150*n**2 - 884*n - 16731. Determine k(143).
0
Let v(q) = -33*q**2 + 2357*q - 170. What is v(71)?
824
Let u(m) = -410*m - 22454. Give u(-55).
96
Let o(p) = -p**2 - 16*p + 451. Calculate o(-19).
394
Let j(f) = -1761*f + 3683. Give j(2).
161
Let c(n) = -77*n - 2880. Determine c(-34).
-262
Let l(v) = 3991*v + 973772. Calculate l(-244).
-32
Let p(s) = -2*s**2 - 1393*s + 17012. Give p(12).
8
Let j(a) = 2884232*a + 25958093. Give j(-9).
5
Let c(z) = -71*z + 594. What is c(11)?
-187
Let u(k) = k**2 - 38626*k + 1273559. Determine u(33).
-10
Let s(k) = 3*k**2 + 7965*k + 95112. Determine s(-12).
-36
Let r(c) = -97*c + 7875. Determine r(80).
115
Let b(x) = -861*x + 20828. Give b(26).
-1558
Let g(f) = 1754*f - 91415. Determine g(52).
-207
Let u(t) = -13818*t + 290120. What is u(21)?
-58
Let t(j) = 52*j**2 - 100*j + 6. What is t(2)?
14
Let r(b) = -2734*b - 9403. What is r(-3)?
-1201
Let x(z) = -61*z**3 + 303*z**2 - 85*z + 478. What is x(5)?
3
Let z(u) = 155*u + 7516. Determine z(-58).
-1474
Let v(z) = -40*z**2 - 445*z - 2697. Determine v(-6).
-1467
Let d(m) = -3*m**2 + 194*m - 3375. Calculate d(19).
-772
Let c(d) = 162003*d + 3402064. Give c(-21).
1
Let k(v) = 37*v + 3269. Calculate k(-98).
-357
Let t(l) = -l**2 + 17*l - 58. Determine t(27).
-328
Let r(m) = 146*m - 7951. Determine r(57).
371
Let h(w) = 6968*w + 285745. Determine h(-41).
57
Let q(v) = 719*v + 6779. What is q(-11)?
-1130
Let m(r) = 38*r**3 + 2434*r**2 + 459*r + 21163. Determine m(-64).
-21
Let t(j) = 537*j**3 - 536*j**2 - 354*j + 354. Determine t(1).
1
Let k(u) = -9880*u + 19736. What is k(2)?
-24
Let v(h) = -h**3 + 35*h**2 - 69*h + 2349. Determine v(35).
-66
Let o(v) = 1018*v + 415396. Give o(-408).
52
Let g(b) = 4*b**2 - 1204*b - 144. What is g(302)?
1064
Let w(b) = 12898*b - 13069. Determine w(1).
-171
Let m(b) = 2*b**2 + 21*b - 3648. What is m(-48)?
-48
Let z(v) = 23*v**2 + 7*v - 21. Calculate z(-4).
319
Let v(x) = 1296*x**2 - 86832*x + 12. Give v(67).
12
Let h(k) = -13*k**2 + 2054*k + 772. What is h(158)?
772
Let a(w) = 562*w + 62408. Determine a(-112).
-536
Let k(l) = -579213*l + 2896130. Give k(5).
65
Let d(n) = -75007*n - 74969. Determine d(-1).
38
Let a(r) = 73*r**2 - 5*r - 28. What is a(-4)?
1160
Let j(d) = -d**2 - 4585*d + 579082. Give j(123).
-2
Let a(t) = -4*t**3 - 87*t**2 - 201*t - 1173. Give a(-20).
47
Let c(s) = -12026*s - 204486. What is c(-17)?
-44
Let k(c) = 353655*c - 8134042. What is k(23)?
23
Let i(g) = -6143*g - 9067061. What is i(-1476)?
7
Let a(c) = -22*c**3 - 85*c**2 - 65*c - 8. Calculate a(-3).
16
Let g(b) = 9359*b + 748724. Give g(-80).
4
Let v(d) = 53*d**3 + 149*d**2 + 86*d + 13. Give v(-5).
-3317
Let q(h) = 357*h - 338077. Give q(947).
2
Let d(b) = -4*b**2 + 67*b - 22. Give d(42).
-4264
Let o(m) = -63*m**2 + 53*m - 60. Calculate o(5).
-1370
Let c(v) = 2*v**3 - 2*v**2 + 472*v + 2042. Determine c(-4).
-6
Let f(w) = 161*w + 452. Determine f(2).
774
Let k(d) = -3*d**3 + 11*d**2 - 4*d + 132. Calculate k(9).
-1200
Let u(l) = 4*l**2 - 474*l + 8115. What is u(18)?
879
Let t(a) = 74246*a - 74639. What is t(1)?
-393
Let f(x) = 2*x**2 + 411*x + 17098. Calculate f(-58).
-12
Let c(p) = 3063328*p + 27569952. Determine c(-9).
0
Let v(w) = 285*w**2 + 374*w - 3692. Calculate v(3).
-5
Let n(w) = 31*w + 240. What is n(25)?
1015
Let f(y) = -108*y + 12680. What is f(126)?
-928
Let h(t) = -3*t**3 - 167*t**2 + 128*t + 4011. Give h(-56).
-21
Let a(g) = 14235*g**2 - 185056*g + 16. Calculate a(13).
3
Let b(f) = 126*f + 170. Calculate b(-6).
-586
Let j(w) = 727*w**2 - 164297*w - 1128. Calculate j(226).
2
Let b(i) = -14*i**2 - 15267*i - 83536. What is b(-1085)?
9
Let y(p) = -9*p**3 - 60*p**2 + 87*p - 96. Calculate y(-8).
-24
Let u(m) = -15*m**2 + 1093*m - 3294. What is u(3)?
-150
Let a(n) = 7*n**2 - 576*n - 123664. What is a(-98)?
12
Let n(s) = -659675*s + 1319337. Give n(2).
-13
Let v(x) = 4637*x - 357053. Give v(77).
-4
Let i(r) = r**3 - 83*r**2 + 328*r - 944. Calculate i(79).
4
Let a(n) = 321371*n - 1928270. What is a(6)?
-44
Let l(h) = 1610*h**2 + 495881*h + 301. Give l(-308).
-7
Let g(s) = 102*s**2 + 157*s - 436. What is g(-3)?
11
Let s(z) = -z**2 + 122*z + 2798. Give s(-19).
119
Let f(u) = 194*u - 497. What is f(6)?
667
Let i(r) = 22*r**2 + 267*r - 4776. Giv